x) be the third derivative of u(x). What is t(o)?
9
Let v(g) = 5*g - 13. Let h(i) = -6*i + 12. Let l(r) = 6*h(r) + 7*v(r). What is l(0)?
-19
Let v(f) = 6*f + 2*f - 6 - 7*f**3 - 3*f. Let g(b) = -6*b**3 + 4*b - 5. Let a(l) = 6*g(l) - 5*v(l). What is a(-1)?
2
Suppose 25 = -6*f - 5. Let n(d) = -2*d**2 - 7*d - 2. Calculate n(f).
-17
Let m(g) = -1 - 5*g + 3*g + 6 + 5*g. What is m(-4)?
-7
Let s be 0 - 2 - 15/(-3). Let d(w) = s*w**2 + 0*w + 2 - w - 2*w**2 + 3*w. Calculate d(-2).
2
Let w be ((-5)/(-2))/((-2)/4). Let g(j) = 0 - 4 + 2 - 4*j + 3*j. What is g(w)?
3
Let z = -15 - -12. Let p(v) = -v**2 - 3*v + 4. Determine p(z).
4
Let g(b) = b**3 - 17*b**2 - 17*b - 22. Let w be g(18). Let z(y) = -y**2 - 3*y + 1. Calculate z(w).
-3
Let g(b) = 2*b + 26. Let j be g(-17). Let d(v) = -v - 14. Determine d(j).
-6
Let k(c) = -c**3 + 9*c**2 - 8*c + 1. Suppose -5*j + 30 = -2*z, 2*j - 1 - 10 = z. Calculate k(j).
1
Let y = 11 - 12. Let s(c) = -3*c**3 + c. Give s(y).
2
Let m be ((-10)/(-15))/(1/(-6)). Let z(t) = t**2 + 4*t + 1. Calculate z(m).
1
Suppose -4*n + n + 2 = v, -2*v + 5*n + 4 = 0. Let q(x) = 4*x**3 - 3*x**2 + x - 1. Calculate q(v).
21
Let x(o) = -1 + 5*o + 2*o**2 + 4 - 3*o**2 + 0*o. What is x(4)?
7
Suppose 17 = -5*a + 2. Let c(u) be the second derivative of -u**4/12 - u**3/3 + u**2/2 - 4*u. Give c(a).
-2
Let o(h) = h**2 - h - 1. Let w be 26/39*(-3)/2. Give o(w).
1
Suppose -5*g = -g. Let b = 1 - g. Let x(t) be the third derivative of t**5/20 + t**4/24 - t**3/6 - t**2. What is x(b)?
3
Suppose 6*a = -4*y + a + 18, -4*a + 13 = 3*y. Let x(b) = -b**2 - 3*b - 2. Let u(w) = 4*w**2 + 9*w + 5. Let r(l) = y*x(l) + 2*u(l). Determine r(3).
-4
Let v(q) = 4*q**3 + q**2 - 3*q. Let x(k) = -2*k**2 + 3*k - 19*k**3 - 4*k**2 + 13*k. Let f(b) = 11*v(b) + 2*x(b). Calculate f(-1).
-6
Let x(l) = l - 6. Suppose 0 = 4*p - 0*a + a + 18, 3*p + 5*a + 5 = 0. Determine x(p).
-11
Suppose 2*v + 0*v = -2. Suppose 3*j + 0*j = -3. Let o(i) = i**3 - i**2 + 2*i - 1. Let t(u) = u**3 - u + 1. Let p(q) = j*o(q) - 2*t(q). Give p(v).
3
Let u(c) be the first derivative of -3 - 1/2*c**2 - 4*c. What is u(-5)?
1
Let b(x) = 6*x**2 + 2*x + 6 + 5*x + x**3 + 0. Let i be b(-5). Let p(v) = 4 + 1 - 5*v - v**2 + 2 - 6. Determine p(i).
5
Let n(o) = -3*o**3 + 5*o**2 + 3*o - 5. Let i(j) be the second derivative of j**5/10 - j**4/4 - j**3/3 + 3*j**2/2 + j. Let y(f) = 5*i(f) + 3*n(f). What is y(2)?
6
Let s(g) be the second derivative of -g**5/20 - g**4/4 + g**3/2 + g. Suppose 37 = 5*i + 4*p, 5*i - 33 = 2*i + 3*p. Let y = i + -12. Determine s(y).
-9
Let r be (6/(-21))/((-3)/21). Let z(n) = -n**3 + 5*n**2 - 7*n - 1. Let f(c) = c + 1. Let w(g) = -3*f(g) - z(g). Give w(r).
-6
Suppose 0 = -14*g + 29*g. Let v(u) = u - 2. Determine v(g).
-2
Let y(a) = -2*a + 7. Let l(r) = 4*r - 15. Let w(v) = 3*l(v) + 7*y(v). Give w(3).
-2
Let j = -20 - -9. Let w(m) = m**2 + 12*m + 5. Determine w(j).
-6
Let a(j) = -2*j + 3. Let h(c) = c**3 - 2*c**2 - 3*c + 2. Let y = 3 + 0. Let q be h(y). Calculate a(q).
-1
Let b(p) = -p**2 + 9*p - 3. Let r be (2 - -5)*5/(-30)*-6. Give b(r).
11
Let u(f) be the second derivative of -f**4/12 + 5*f**3/6 - f**2 - f. Let i = 0 + 3. Suppose i*c + 0*c = -4*j + 6, 5*j + 3*c - 9 = 0. Calculate u(j).
4
Let k(n) be the first derivative of n**5/20 + n**2/2 + 8*n - 2. Let u(v) be the first derivative of k(v). What is u(-1)?
0
Let c(d) = d + 10. Let b(t) = t**2 + 9*t - 10. Let n be b(-10). Suppose 2*u - 5*j = 5*u - 2, 5*u - 3*j + 42 = n. Give c(u).
4
Let i be -3 + (-4)/6*-3. Suppose -3*j = 3*z - 3, 5*z + j = 2*j + 17. Let s(l) = -2*l**3 + l**3 - 6*l**z + 3*l**3. Determine s(i).
4
Let v(f) be the first derivative of -f**4/2 - 2*f**3/3 + f**2 + f - 9. Let j(a) = -a + 1. Let y be j(3). Give v(y).
5
Let u = -8 + 12. Suppose p + k = -2 + 1, -4 = -u*p - 2*k. Let b(w) = -6 - 5*w + 6 - 6*w**2 - w**p. What is b(-5)?
0
Let d be (8/(-10))/(6/45). Let i = -5 - d. Let q = 3 - i. Let b(c) = -2*c**2 + c + 1. What is b(q)?
-5
Let f = -21 + 37. Suppose 0 = 4*u - 4 - f. Let p = 5 - u. Let q(g) = g**2 - 2. Calculate q(p).
-2
Let r(k) = k**2 - k - 1. Suppose -3*h = -9 - 0. Determine r(h).
5
Let u(i) = -i**2 - 7*i - 5. Let k(z) = z**2 + 5*z - 10. Let l be k(-6). What is u(l)?
7
Let m(g) = 3*g - 5. Let r be m(7). Let d be -1 - -3 - r/2. Let o(w) = w. Calculate o(d).
-6
Let r(d) = -1 + d**3 - 5*d**3 + d**2 - 2*d**3. Let l(p) = -4 + p - 5 + 4. Let g be l(6). Calculate r(g).
-6
Suppose 3*u - 5 = -2*u. Let b(m) be the second derivative of m**5/10 - m**2/2 + 5*m. Calculate b(u).
1
Let c(y) be the first derivative of -y**6/360 + y**4/24 + 5*y**3/3 - 8. Let u(b) be the third derivative of c(b). Calculate u(-3).
-8
Suppose 0 = -0*d - 30*d - 90. Let t(g) = 5*g - 4 + g - 5*g. Calculate t(d).
-7
Let z(d) = -d**3 + 8*d**2 - 2. Let u be (-74)/(-10) + 9/15. What is z(u)?
-2
Let u be (0 - -2 - 0) + -1. Let p be (u - 0)*-2*-2. Let x(h) = -h**3 + 4*h**2 + 4*h - 4. What is x(p)?
12
Suppose -4*p - 8 = 3*k, -2*p + 5*p - 3*k - 15 = 0. Let z(v) be the third derivative of 0 + 1/24*v**4 + 0*v + 2*v**2 + 1/6*v**3 - 1/60*v**5. What is z(p)?
1
Let k be (2/5)/(18/15). Let x(p) be the third derivative of 1/12*p**5 + 0 - p**2 - 5/24*p**4 - k*p**3 + 0*p - 1/120*p**6. Determine x(4).
-6
Let k(b) = 51*b**2 + 45*b**2 - 94*b**2 - 1. Let n = 4 - 10. Let l be n/(-15) + 16/10. Calculate k(l).
7
Let p(i) be the first derivative of i**2/2 - 7*i + 2. Let f be p(7). Suppose -12 + f = -3*d. Let j(y) = y**2 - 3*y - 3. Give j(d).
1
Let b(k) = 6*k - 4. Let y(j) = -j + 1. Let c(v) = -b(v) - 5*y(v). Give c(2).
-3
Let k(s) = -2*s + 21. Let b(j) = -j + 10. Let h(x) = 9*b(x) - 4*k(x). Let o be h(9). Let i(f) = 3*f + 3 - 2*f + 3. Calculate i(o).
3
Let d be (-27)/36*(0 - (2 + -6)). Let a(j) = -5*j - 4. Give a(d).
11
Let r(n) = -n**2 - n + 1. Let j be r(0). Let w(l) = -l + j - 1 - 2 - 4. Give w(0).
-6
Let n(l) = l**3 + l + 1. Let p(f) be the first derivative of -3*f**4/2 - f**3 - f**2/2 - 10*f + 3. Let o(t) = 5*n(t) + p(t). Give o(-4).
-5
Let r(w) = 3*w - 2. Suppose 9 + 31 = 5*c. Let z(l) = l - 6. Let g be z(c). Suppose 0 = -3*n - d - 9, 3*d + g*d - 3 = n. Calculate r(n).
-11
Suppose 0 = -0*h + h - 8. Suppose -3 = -h*o + 5*o. Let m(g) = -5*g - 1. Determine m(o).
-6
Let o = -3 - 2. Let k(d) = -2*d - 7. What is k(o)?
3
Let v = -86 - -80. Let u = 0 + 1. Let r(k) = -3 - u + 6*k + k**2 + 0*k**2. Determine r(v).
-4
Let f(b) = 6*b - 5*b - 5 - 7*b**2 - 10*b**2 + 18*b**2. Suppose i = -i - 8. Calculate f(i).
7
Let g(a) be the first derivative of a**2 + a - 6. Give g(7).
15
Let g be 1/2 + 26/(-4). Let t(v) = 5*v + 6. Let l(r) = 27*r + 29. Let d(k) = 2*l(k) - 11*t(k). What is d(g)?
-2
Let f(p) = p + 1. Suppose -4*q - 3*o = -23, q + 4*o - 13 = -4. Suppose -23 = -5*s - l, q*s + 3*l - l - 26 = 0. Calculate f(s).
5
Let k(c) be the first derivative of -4*c + 1/4*c**4 - 5/2*c**2 - 4/3*c**3 - 1. What is k(5)?
-4
Let t(a) = -a**2 + 5*a - 4. Suppose 3*n = -n + 16. Suppose -2*i = -i + n. Let x(y) = y**2 - 5*y + 4. Let o(h) = i*t(h) - 5*x(h). Give o(4).
0
Let j(w) be the first derivative of 3*w**2/2 + 6*w + 3. What is j(5)?
21
Let i be -15*-3*(-4)/(-36). Let x(o) = o**2 - 3*o - 7. Determine x(i).
3
Let h(m) = m + 3. Let a be h(5). Let z be 6/4*a/(-6). Let y(n) = -2*n**3 - 2*n**2 + 2*n. Determine y(z).
4
Let q(f) = 2*f**2 + 9*f + 9. Let m be q(-3). Let w(x) = -x**2 - x - 4. What is w(m)?
-4
Suppose -5*s + 37 = z, 0 = -3*s - 2*z + z + 23. Let r(d) = -d**3 + 6*d**2 + 9*d - 9. What is r(s)?
5
Let v(a) be the first derivative of -2 - 1/24*a**4 + 0*a + 1/6*a**3 - 1/2*a**2. Let n(y) be the second derivative of v(y). Determine n(0).
1
Let m(a) = -a**3 + a**2 + a. Let l(d) be the third derivative of d**5/12 - d**4/4 - d**3/3 + 4*d**2. Let r(s) = l(s) + m(s). Calculate r(5).
-2
Let z(y) = -y**3 + 2*y**2 - y. Let a be (15/(-9))/(2/(-6)). Suppose 6*j = a*j. Suppose f + j*f + 4*s = -6, f - 2*s = 6. Determine z(f).
-2
Let h(z) = -z**2 - z. Suppose 0*w = w - 2. Suppose k - v = 1, -4*k - 3 = w*v - 7. Let j(f) = -7*f**2 - 9*f - 1. Let a(u) = k*j(u) - 6*h(u). What is a(-3)?
-1
Suppose 4*k = -0 + 12. Let m(o) = o**3 - 3*o**2 + 3*o - 2. Give m(k).
7
Let z = -4 + -4. Let s be z/(-5)*(-245)/(-14). Suppose -2*l + 0*q - q + 1 = 0, -5*q - s = -l. Let w(g) = g**3 - 4*g**2 + 2*g - 2. What is w(l)?
-5
Let o = 3 + 1. Suppose -23 = -0*u + 3*u + 5